 264733 = -9*c + 1232296. Is c a prime number?
True
Suppose -2*d + 8*k = 5*k - 2299, -2294 = -2*d + 4*k. Is d a prime number?
False
Suppose 5*l = -2*z + 14, -2*z - 3*l + 8*l = -14. Let n(h) = 9*h**2 - 9*h - 5. Is n(z) a prime number?
True
Suppose 5*j - 9*j = 3*f - 2111, -1052 = -2*j + 2*f. Is j prime?
False
Let l = -1429 - -993. Let m be (l/5)/((-4)/20). Suppose 0 = -3*x - y + m, -y - 767 = -5*x - 43. Is x prime?
False
Let m(l) = 2*l**2 + 4*l - 2. Let k be m(3). Let p be 4/(4/k + 0). Is 4543/p - (-3)/4 prime?
True
Let g(a) = 1903*a**2 + a + 5. Is g(-4) a prime number?
True
Let w(n) = 28*n**2 + 31. Is w(-6) composite?
False
Let c(b) = 7*b**3 - 32*b**2 - 27*b + 58. Let y(f) = 3*f**3 - 16*f**2 - 13*f + 29. Let l(z) = -2*c(z) + 5*y(z). Is l(20) a composite number?
False
Suppose 2739 = 5*g - 1506. Suppose -6*m + 63 = -g. Suppose 0*x = 4*x - m. Is x a composite number?
True
Let m(l) = -1472*l - 181. Is m(-7) prime?
False
Let y(u) = 77*u + 0 - 75*u - 3. Is y(3) prime?
True
Let m(n) = -767*n**3 + 2*n + 11. Let h(i) = -383*i**3 + i + 5. Let t(q) = 7*h(q) - 3*m(q). Is t(-1) prime?
False
Let r(v) = 12106*v - 70. Is r(2) a prime number?
False
Suppose -4*m + 3*h + 34 = h, -3*m = -3*h - 27. Suppose 0 = 4*d + m, -3*j - 8 + 54 = -2*d. Suppose 0 = -2*r - 4*c - j, 4*r + c = -0*c + 7. Is r composite?
False
Suppose 4*j - 22 = 14. Suppose 0 = -j*o + 7*o + 662. Is o a prime number?
True
Let t = -19 - -19. Suppose -j + 222 = -q, 2*j - 442 = 3*q - 2*q. Suppose -3*u - u + j = t. Is u composite?
True
Let c = -12 - -17. Suppose -w = 2*z - 185, 3*w + c*z = 4*z + 535. Suppose 4*j + w = 981. Is j a composite number?
True
Let x = -677 - -3616. Is x prime?
True
Let c be 10/55 - (-185)/11. Let k = 364 - c. Is k prime?
True
Let c(u) = 8*u - 29. Let n be c(4). Suppose -n*d - d + 6028 = 0. Is d prime?
False
Suppose -2*a + 1044 + 108 = 0. Let p = -283 + a. Is p prime?
True
Let x(m) = -503*m + 74*m**2 + 504*m - 1 + 5. Is x(-3) prime?
False
Let r(i) = i**2 + 5*i. Let x be r(-6). Let a(s) = 11*s + 1 + 20*s - x*s. Is a(10) a prime number?
True
Let t = -4211 + 10254. Is t prime?
True
Let j(b) = -b**2 - 11*b - 15 + b - 2*b - 3*b. Let o be j(-12). Suppose 3*f = 6 - o, n - 4*f - 46 = 0. Is n a composite number?
True
Suppose -5 + 55 = 5*x. Suppose -5*s = q - 3800, -2*s + 0*s + x = 0. Suppose 0 = -5*k + q - 870. Is k prime?
False
Suppose -6*z - 1 + 145 = 0. Is 7*((-430)/(-6) + (-16)/z) a prime number?
False
Suppose -5*a - 2*x = -3374 - 3046, -3*a = -5*x - 3821. Is a a prime number?
False
Let i(b) be the second derivative of 3*b**4/4 + 2*b**3 - 3*b**2/2 - 31*b. Is i(8) prime?
False
Let r(s) = -1935*s**3 - 2*s**2 - 9*s - 8. Is r(-1) composite?
True
Let b(n) = -n**3 + 4*n**2 - 3*n + 3. Let i be b(3). Let k(p) = 9*p**2 + 10*p**i - 11*p**3 - 3*p - 5*p - 8. Is k(7) a composite number?
True
Let n(b) = -b - 1. Let d = 12 - 16. Let c be 2 + (-6)/((-4)/d). Is n(c) a composite number?
False
Let o(z) = z**3 + 18*z**2 + 3*z + 9. Let d be 0 + 1 - (2 + 12). Is o(d) composite?
True
Let y(i) = 1028*i - 161. Is y(15) a prime number?
True
Let i = -15 + 17. Suppose -i*a + 797 = -a. Is a composite?
False
Let o be (-8 - -6)/(1/(-2)). Is o*(-3985)/(-60)*3 composite?
False
Let a(p) = 212*p**2 + 49*p + 324. Is a(-13) composite?
True
Let x(t) = 2*t**2 + 1 + 10*t - 5 + 0. Let f be x(8). Let y = f + -83. Is y composite?
True
Let x(n) = -376*n**3 - 6*n**2 + 3*n + 15. Is x(-4) a composite number?
False
Let a be 4 - (-2 + (-12)/(-3)). Suppose -a*x = -714 - 2300. Is x a prime number?
False
Suppose -m = -2*v - v - 608, 0 = -4*m - v + 2471. Is 34/(-85) + m/5 a prime number?
False
Suppose 2*i + 170 = -5*c + 1008, -4*c + 419 = i. Is i a prime number?
True
Suppose 5*t - 7 = -22, 4*j - 3*t - 5777 = 0. Let v = 3099 - j. Is v composite?
False
Let i = -95 + 349. Is i a prime number?
False
Let w(i) = -798*i + 2. Let n be w(-1). Suppose 2*s + 289 = -5*p + n, 3*s + 5*p - 764 = 0. Is s prime?
False
Suppose 0 = -2*t + 2*c - 2, 3*c - 1 = -5*t + 6*c. Suppose 1084 = t*k - 3582. Is k a composite number?
False
Let h be ((-109809)/6)/((-3)/84). Is h/162 - (-4)/(-18) composite?
False
Let s(r) = 1256*r**2 + 1. Let z be s(1). Suppose 4*l + z = 7*l. Is l prime?
True
Is 70826/(1/(6/12)) a composite number?
True
Let w = 15 + -13. Let k = w - 3. Is ((-2)/k)/((-2)/(-133)) a prime number?
False
Let y(p) = p**3 + 4*p**2 + 6*p + 3. Let s be y(-2). Let f(z) = -586*z**3 + 2*z + 3. Is f(s) composite?
False
Let x = 20814 + -8159. Is x prime?
False
Suppose 16296 = -10*m + 45826. Is m composite?
False
Let z(a) = -3*a**3 + 7*a**2 - 27*a + 70. Is z(-17) composite?
False
Let f(n) = -24*n + 7. Let p(t) = -9*t**3 - 5 - 7*t**2 + 8*t**3 + 0*t**2. Let k be p(-7). Is f(k) composite?
False
Let y(u) = u**2 + 9*u + 6. Let a be y(-5). Let q(k) = -k**3 - 15*k**2 - 20*k - 12. Let s be q(a). Let v = s - -131. Is v a prime number?
False
Let u = -17 - -22. Suppose 0 = 3*v - 4*l - 2345, 0 = -u*v - 2*l + 16 + 3927. Is v a composite number?
False
Let l = -12 + 9. Is 85/15 - 5 - 2899/l composite?
False
Suppose 3*j + 2*c = 4073, -51*c + 55*c = -20. Is j composite?
False
Let r be 65/25 + (-2)/(-5). Suppose -n = -s - 2, 3*n - 5 = -r*s + 1. Suppose c = -5*u + 336, -u + n*u - 994 = -3*c. Is c a prime number?
True
Is -4*15/10 - -5987 a prime number?
True
Suppose 5*p + 25 - 5 = 0. Is (-356)/3*6/p a prime number?
False
Let g = 4511 - 130. Let c = g - 1228. Is c composite?
True
Let p(l) = l + 14. Let q be p(-10). Suppose 4*c - 2 - 5 = d, 0 = -3*c + d + q. Suppose -5*v - 4*o + 90 = 0, 0 = -c*v - 5*o + 75 - 8. Is v a prime number?
False
Let y = -93387 + 176842. Is y prime?
False
Let n(m) be the second derivative of -m**5/20 + 3*m**4/4 + 5*m**3/6 - 4*m**2 + 7*m. Let a be n(8). Suppose 2*b - 286 = a. Is b a composite number?
False
Suppose -1516 = -27*h + 23*h. Is h a composite number?
False
Let r(x) = x + 14. Let p be r(-10). Suppose -5*q - p*j + 25 = 0, -1 = q - 5*j - 6. Suppose 0 = q*s + 4*z + z - 615, 5*s + 3*z = 623. Is s composite?
False
Suppose 138*s - 132*s = 220998. Is s a prime number?
True
Let j be (-69)/6*-22 - (-5 - -4). Is (j*(-2)/6)/(16/(-120)) prime?
False
Suppose 4*k = 4*d + 5844, 4*k - 5830 = -3*d - 0*d. Suppose b + 3*w = 6*b - k, 3*w - 6 = 0. Is b composite?
False
Suppose 4*m = -2 + 10. Suppose r = -3*w + 5167, -3*r - m*w = -10719 - 4754. Is r prime?
False
Let f be (-10)/(-15) - (-2)/18*-33. Is (f/(-4))/((-36)/(-16656)) prime?
True
Let y(d) = -6*d**2 - 6*d - 18. Let a be y(-9). Let z = a - -931. Is z a prime number?
False
Let c(u) = 1630*u + 139. Is c(10) a composite number?
True
Let o be (-13)/(-4)*(-8 - -12). Let c = 17 - o. Suppose 0 = -3*a + 4*n + 1206 + 547, c*a - 3*n = 2342. Is a a prime number?
True
Let v be 24/84 - 55380/(-14). Let y = -2810 + v. Let d = -703 + y. Is d a prime number?
True
Let p(t) = 142*t**2 + 34*t + 109*t**2 + 1 - 39*t - 66*t**2. Is p(3) a prime number?
False
Let s(f) be the third derivative of 11*f**5/20 - f**4/6 + f**3/6 + 45*f**2. Is s(-6) a composite number?
False
Let f = 1 + 1. Suppose 0 = f*p - 10*p + 11384. Suppose r = 3*b - p, 0*b - 954 = -2*b + 2*r. Is b a composite number?
True
Let q(x) = x**3 + 7*x**2 + 4*x - 8. Let k be q(-6). Suppose 5*r + 3*s + 6 = -0, -2*s = -r + k. Suppose 5*i - 21 - 524 = r. Is i a prime number?
True
Let u(k) = -764*k**2 + 3. Let o(p) = 255*p**2 - 1. Let f(m) = -8*o(m) - 3*u(m). Is f(-1) a prime number?
True
Suppose 0 = -4*h + 3 + 13. Suppose -1331 = -h*a + 1281. Is a a prime number?
True
Let a(b) = 5*b**2 + 7*b - 30. Let m be a(-13). Suppose -m = 4*j - 6*j. Is j prime?
False
Suppose -17*d + 9*d = -39896. Is d a composite number?
False
Let n = 18399 + -10439. Let s = n + -5241. Is s a composite number?
False
Let s be 2/14 + 46543/49. Suppose 4*t - s = 3318. Is t a composite number?
True
Let a = -149912 - -283609. Is a composite?
False
Let j be (4/(-2))/(-2) + -1. Suppose i + 4*i + 80 = j. Let l = i - -207. Is l a composite number?
False
Suppose -10462 = -9*h + 5459. Is h composite?
True
Let b(r) = r**2 + 19*r - 37. Let j be 1*(4 - -5) + 2/1. Is b(j) a composite number?
False
Suppose 3*n + 0*q = 2*q + 24, 0 = 5*n - 3*q - 40. Is 0 + n/2 - -447 a prime number?
False
Let l be (18 + -20)/(2*-1). Let h = -6 + l. Is (h + -3)/2 - -335 a prime number?
True
Suppose 7*o = 52225 + 8416. Is o composite?
False
Let w(t) = 6